 is the hundreds digit of 6642?
6
What is the thousands digit of 11289?
1
What is the units digit of 62246?
6
What is the thousands digit of 1847?
1
What is the tens digit of 2003?
0
What is the hundreds digit of 924?
9
What is the tens digit of 5142?
4
What is the thousands digit of 2709?
2
What is the thousands digit of 2301?
2
What is the tens digit of 3302?
0
What is the units digit of 776?
6
What is the units digit of 33032?
2
What is the units digit of 42727?
7
What is the ten thousands digit of 25316?
2
What is the hundreds digit of 25451?
4
What is the units digit of 522?
2
What is the thousands digit of 1618?
1
What is the units digit of 59413?
3
What is the tens digit of 4921?
2
What is the hundreds digit of 477?
4
What is the thousands digit of 44326?
4
What is the tens digit of 947?
4
What is the tens digit of 23705?
0
What is the hundreds digit of 393?
3
What is the units digit of 1563?
3
What is the units digit of 850?
0
What is the hundreds digit of 1690?
6
What is the units digit of 2280?
0
What is the units digit of 56?
6
What is the hundreds digit of 166?
1
What is the hundreds digit of 432?
4
What is the tens digit of 2591?
9
What is the thousands digit of 62017?
2
What is the units digit of 6266?
6
What is the units digit of 56888?
8
What is the thousands digit of 45338?
5
What is the ten thousands digit of 112226?
1
What is the tens digit of 9334?
3
What is the units digit of 17882?
2
What is the thousands digit of 5835?
5
What is the thousands digit of 1686?
1
What is the units digit of 616?
6
What is the hundred thousands digit of 155014?
1
What is the tens digit of 1198?
9
What is the units digit of 2289?
9
What is the units digit of 3957?
7
What is the hundreds digit of 1051?
0
What is the units digit of 43543?
3
What is the hundreds digit of 9342?
3
What is the thousands digit of 1000?
1
What is the tens digit of 6632?
3
What is the hundreds digit of 2352?
3
What is the tens digit of 385?
8
What is the ten thousands digit of 114997?
1
What is the hundreds digit of 8967?
9
What is the units digit of 852?
2
What is the units digit of 626?
6
What is the ten thousands digit of 100515?
0
What is the tens digit of 858?
5
What is the units digit of 3127?
7
What is the tens digit of 13591?
9
What is the tens digit of 2414?
1
What is the units digit of 18049?
9
What is the ten thousands digit of 115461?
1
What is the ten thousands digit of 15063?
1
What is the thousands digit of 88231?
8
What is the thousands digit of 41713?
1
What is the units digit of 43225?
5
What is the tens digit of 1028?
2
What is the units digit of 3313?
3
What is the thousands digit of 1813?
1
What is the thousands digit of 12385?
2
What is the units digit of 83?
3
What is the hundreds digit of 1251?
2
What is the tens digit of 57901?
0
What is the tens digit of 1726?
2
What is the units digit of 60792?
2
What is the tens digit of 801?
0
What is the tens digit of 43145?
4
What is the tens digit of 6183?
8
What is the thousands digit of 15025?
5
What is the thousands digit of 7512?
7
What is the tens digit of 11449?
4
What is the units digit of 11614?
4
What is the thousands digit of 19096?
9
What is the thousands digit of 1718?
1
What is the units digit of 342?
2
What is the hundreds digit of 6162?
1
What is the units digit of 18957?
7
What is the ten thousands digit of 92658?
9
What is the hundreds digit of 131340?
3
What is the units digit of 16?
6
What is the thousands digit of 5599?
5
What is the units digit of 3654?
4
What is the units digit of 5020?
0
What is the units digit of 13843?
3
What is the hundred thousands digit of 192157?
1
What is the units digit of 766?
6
What is the tens digit of 2337?
3
What is the thousands digit of 3646?
3
What is the hundreds digit of 8307?
3
What is the hundreds digit of 4905?
9
What is the tens digit of 83019?
1
What is the hundreds digit of 2666?
6
What is the tens digit of 31856?
5
What is the tens digit of 52247?
4
What is the thousands digit of 1218?
1
What is the hundreds digit of 1063?
0
What is the units digit of 2378?
8
What is the units digit of 43213?
3
What is the units digit of 3395?
5
What is the hundreds digit of 1889?
8
What is the tens digit of 8834?
3
What is the tens digit of 4519?
1
What is the hundreds digit of 6788?
7
What is the ten thousands digit of 15828?
1
What is the hundreds digit of 488?
4
What is the tens digit of 42245?
4
What is the tens digit of 29027?
2
What is the tens digit of 5953?
5
What is the tens digit of 971?
7
What is the thousands digit of 1241?
1
What is the ten thousands digit of 20723?
2
What is the tens digit of 1316?
1
What is the tens digit of 12738?
3
What is the units digit of 130806?
6
What is the hundreds digit of 59222?
2
What is the tens digit of 5172?
7
What is the units digit of 8934?
4
What is the units digit of 187?
7
What is the hundreds digit of 23301?
3
What is the ten thousands digit of 66989?
6
What is the ten thousands digit of 40729?
4
What is the thousands digit of 1222?
1
What is the thousands digit of 1851?
1
What is the hundreds digit of 3420?
4
What is the units digit of 662?
2
What is the thousands digit of 31591?
1
What is the thousands digit of 39055?
9
What is the units digit of 3896?
6
What is the ten thousands digit of 52859?
5
What is the hundreds digit of 116052?
0
What is the units digit of 2325?
5
What is the hundreds digit of 8541?
5
What is the hundreds digit of 3319?
3
What is the units digit of 447?
7
What is the units digit of 1136?
6
What is the units digit of 477?
7
What is the ten thousands digit of 99034?
9
What is the units digit of 15917?
7
What is the hundreds digit of 322?
3
What is the tens digit of 7905?
0
What is the tens digit of 16079?
7
What is the units digit of 264?
4
What is the tens digit of 59699?
9
What is the tens digit of 8474?
7
What is the units digit of 954?
4
What is the thousands digit of 5963?
5
What is the hundreds digit of 15927?
9
What is the hundreds digit of 1659?
6
What is the ten thousands digit of 12891?
1
What is the units digit of 2810?
0
What is the tens digit of 81?
8
What is the tens digit of 37619?
1
What is the hundreds digit of 5797?
7
What is the hundreds digit of 47629?
6
What is the tens digit of 896?
9
What is the ten thousands digit of 10377?
1
What is the tens digit of 4281?
8
What is the tens digit of 982?
8
What is the units digit of 808?
8
What is the units digit of 13426?
6
What is the ten thousands digit of 78520?
7
What is the units digit of 4264?
4
What is the tens digit of 5242?
4
What is the tens digit of 843?
4
What is the hundreds digit of 98368?
3
What is the units digit of 4264?
4
What is the thousands digit of 31795?
1
What is the hundreds digit of 10729?
7
What is the hundreds digit of 1232?
2
What is the thousands digit of 1836?
1
What is the thousands digit of 4593?
4
What is the ten thousands digit of 20245?
2
What is the hundreds digit of 1931?
9
What is the hundreds digit of 5363?
3
What is the thousands digit of 67556?
7
What is the ten thousands digit of 12323?
1
What is the units digit of 1044?
4
What is the hundreds digit of 144?
1
What is the ten thousands digit of 28168?
2
What is the thousands digit of 1638?
1
What is the units digit of 16375?
5
What is the hundreds digit of 127672?
6
What is the units digit of 3369?
9
What is the tens digit of 3581?
8
What is the units digit of 4200?
0
What is the hundreds digit of 7736?
7
What is the units digit of 15232?
2
What is the tens digit of 18941?
4
What is the tens digit of 10206?
0
What is the hundreds digit of 7558?
5
What is the hundreds digit of 84888?
8
What is the tens digit of 11939?
3
What is the tens digit of 1400?
0
What is the ten thousands digit of 11875?
1
What is the hundreds digit of 9863?
8
What is the hundreds digit of 51740?
7
What is the units digit of 73?
3
What is the tens digit of 5694?
9
What is the thousands digit of 2080?
2
What is the units digit of 582?
2
What is the units digit of 41313?
3
What is the units digit of 18086?
6
What is the tens digit of 4154?
5
What is the hundreds digit of 1981?
9
What is the units digit of 694?
4
What is the units digit of 801?
1
What is the hundreds digit of 3771?
7
What is the hundreds digit of 29533?
5
What is the units digit of 5068?
8